) = 7*l**2 - 7*l + 6. Let d(z) = -5*q(z) + 6*s(z). Calculate d(t).
6
Let b(y) = y**3 + 17*y**2 + 18*y + 37. Let k = 982 + -998. What is b(k)?
5
Let p(y) = -3*y. Let u(k) = -17*k - 1. Let g(h) = -11*p(h) + 2*u(h). Calculate g(-4).
2
Let f(r) be the first derivative of r**3/3 - 3*r**2 - 6*r - 48. Determine f(8).
10
Let z(y) be the second derivative of y**4/6 - y**3/2 + 3*y**2/2 + y. Let w = -375 - -377. Determine z(w).
5
Let p = -9 + 3. Let o(m) be the first derivative of -m**2 - 7*m + 82. What is o(p)?
5
Suppose 0 = -5*a + f + 2, 4*a + 9 = a + 4*f. Let r be -14*a - (-9)/(-3). Let o = r + 18. Let c(h) = 11*h**2 + h - 1. Give c(o).
11
Let y(u) = u**2 + 7*u + 5. Let j = -54 + 84. Suppose -6*l + 0*l = j. What is y(l)?
-5
Let w(v) = -25*v - 2. Let q = 669 - 671. Calculate w(q).
48
Let l(d) = -2*d - 14. Let t = 1869 - 1880. Give l(t).
8
Suppose -6*q + 5*q + 21 = 0. Let o = q + -15. Let y(i) = -i + 5. Calculate y(o).
-1
Let l be 2/(-1)*(-3)/2. Let k(t) = 0*t**3 - 6*t - t**l - 3*t**2 - 6 - 3*t**2. Let h = -92 - -87. Give k(h).
-1
Let t(x) = x**3 + 15*x**2 + 27*x + 11. Let j be t(-13). Let b(i) = -3*i**2 + i + 2. What is b(j)?
-12
Let q = 5 + -3. Suppose -5*k = -2*i - 5, -5 = -4*i - q*k - 3*k. Let b(m) = 0 + 5*m - 2*m**2 + i - 7*m. Give b(-3).
-12
Let w = 10319 - 10313. Let u(j) = 5*j**2 - 12. Let p(k) = 4*k**2 + k - 11. Let g(b) = -6*p(b) + 5*u(b). Calculate g(w).
6
Let v(u) be the second derivative of -u**3/6 - 2*u**2 + 2*u - 388. Let z(j) = -j**2 + j + 2. Let n be z(2). What is v(n)?
-4
Let n = 3 - 1. Suppose 8 = n*i + 4*j - 14, -2*i + 3*j = 6. Let w(h) = -6*h + i*h + 2*h + 1 - 3. What is w(3)?
-5
Let o(u) = 3*u + 14. Suppose 5*h + r = -29, -16*h + 11*h + 3*r = 13. Give o(h).
-1
Suppose 2*k + 3*z = -92, -k + 0*k - z - 48 = 0. Let r be -1 - -6*k/12. Let o = r + 33. Let t(x) = -x. Give t(o).
-6
Let g = -43 - -47. Suppose -3 - 1 = -g*r. Let t(b) = -19*b - 1. Give t(r).
-20
Let y(i) = -2*i**2 + 9*i - 9. Let q be 8/(-12)*(-9)/1. What is y(q)?
-27
Let k be (-9)/((-189)/(-6)) - (-8)/28. Suppose 1 = -p + 3. Let m(c) = -3*c + 7. Let r(q) = 10*q - 22. Let s(y) = p*r(y) + 7*m(y). Calculate s(k).
5
Let h(y) = -5*y - 6. Let f be h(-3). Let d(k) = 5*k - 1 - f*k + 12*k. Determine d(-1).
-9
Let n(k) = -k**3 + 3*k + 2. Let d be n(-1). Suppose m = -2*z - d - 15, m = z + 3. Let x(i) = -2*i - 4. What is x(z)?
8
Let a be (12/54 + 14/18)*6. Let d(t) = -8*t**3 - 8*t**2 - t - 1. Let h(s) = -7*s**3 - 7*s**2 - s - 2. Let x(k) = a*d(k) - 7*h(k). Determine x(0).
8
Let s(o) = -66*o + 471. Let u be s(7). Let a(t) = -4*t + 6. What is a(u)?
-30
Let t(o) = 7 + 5 + 33*o + 33*o - 67*o. Give t(13).
-1
Let o(t) = -t**3 - 6*t**2 - 5*t + 2. Let s(x) = 5*x + 5. Suppose 2*f + 3*r - 6*r + 1 = 0, -3*f = -r + 5. Let z be s(f). Calculate o(z).
2
Let o(l) be the first derivative of l**2/2 - 2*l - 1. Suppose -2*x + 43 = b, 2*x - 4 = b - 27. Let g = b + -38. Calculate o(g).
-7
Let k = 21 - 18. Suppose -k*g + 6*g = -18. Let f(x) = -x**3 - 6*x**2 + x + 3. Let y be f(g). Let m(w) = -3*w - 1. Calculate m(y).
8
Let f(b) be the second derivative of -7*b**3/6 - 5*b**2/2 + 96*b. Determine f(4).
-33
Let z(i) = -5025*i**2 + 2518*i**2 + 2510*i**2. Give z(-2).
12
Let j = 90 - -19. Let r(i) = 101*i + j*i - 1 - 215*i. Give r(-2).
9
Let l(d) be the first derivative of -d - 1/3*d**3 + d**2 + 7/4*d**4 - 6. What is l(1)?
7
Let t(a) be the first derivative of -a**4/4 + 5*a**3/3 - 2*a**2 - a - 1. Let f = 12 + -10. Let q be (3 - f) + -3 + 5. Give t(q).
5
Let l(a) = -89*a - 445. Let h be l(-5). Let n(u) = -14*u - 4. Give n(h).
-4
Let k(r) = -5*r + 9. Suppose 9*l = -3*l + 72. Let q(b) = b - 1. Let x(n) = l*q(n) + k(n). Let h = 14 + -9. Determine x(h).
8
Let u(b) = 23*b - 46*b + 26*b. Let l(t) = 14 - t - 2*t + 2*t + 0*t. Let r be l(13). What is u(r)?
3
Suppose 6 = 4*b - 2*z - 16, -b + z + 7 = 0. Suppose 21 = t - 4*k, -18 = t + 5*k + 6. Let m(j) = -6*j + t + 0 + b*j. Give m(-3).
7
Let j(v) be the first derivative of -v**4/4 - v**2/2 - v + 598. Give j(-2).
9
Suppose 6*k + 12 = 9*k. Suppose -m + t - k*t = -6, 2*m - 3*t = -15. Let s(v) = 2*v**3 + 5*v**2 + v - 2. Give s(m).
-14
Suppose g + 2 = 3*i, 0 = 2*g - 4*i + 1 - 3. Suppose g = r + 12. Let p(k) = -k**2 - 6*k + 3. Determine p(r).
8
Let u(z) = 2*z**2 + 7*z + 5. Let l be u(-4). Suppose -a = -g, -4*g - 5*a + 36 = -l. Let j(w) = w - 5. Calculate j(g).
0
Let u(a) = 11*a**3 + 19*a**2 + 15*a + 10. Let i(j) = -2*j**3 - 2*j**2 - 1. Let l(d) = -5*i(d) - u(d). Determine l(-7).
2
Let g(l) be the first derivative of -14*l - 19 + 1/2*l**2. Give g(6).
-8
Let c(n) be the first derivative of n**4/4 + 17*n**3/3 - 8*n**2 + 20*n + 297. Determine c(-18).
-16
Let r(d) = d**3 + 6*d**2 + 5. Let j(a) = -a + 11. Let m be j(11). Suppose m*u - u + 3 = 0. Suppose -5*t + 0*v + 3*v = 42, -u*t + 3*v = 30. Calculate r(t).
5
Let m(y) = -y + 4. Let c be m(9). Suppose u = -2*x - 3, -x = -4*x - 12. Let l(f) = -6*f + 2 + u*f - 2*f. What is l(c)?
17
Suppose -2*u = -5*n + 4*n - 17, -5*n - u - 41 = 0. Let s = n - -12. Let a(g) = -1. Let w(f) = -3*f - 3. Let r(m) = 2*a(m) - w(m). What is r(s)?
10
Let i(x) = -x**3 + 8*x**2 - 7*x - 2. Let j(s) be the first derivative of -s**4/4 + 2*s**3 - 3*s**2/2 - 3*s + 1. Let m = 83 + -78. Let a be j(m). Determine i(a).
-2
Let b be 1*10/(-8)*-4. Let x(j) = -12 - b + 9 - j. Give x(0).
-8
Let n = 21 - 25. Let k be (n/(-12))/((-4)/(-72)). Let i(h) = k - h**3 - 6*h**2 + 4*h - 4*h**3 + 5*h**3 + h**3. Give i(5).
1
Let q(w) = -18*w - 7*w + 18*w - 4 - 5*w. Give q(-2).
20
Suppose 0*u = 3*u - 3. Let m(s) = 2*s - u - 4*s + 4 + 0. Suppose 0 = -5*g + 3*p + 2*p + 15, -2*g = -4*p - 4. Calculate m(g).
-5
Let u(a) = -a**2 + a**3 - a + 3 - 2*a**2 - 7. Let c = -880 + 884. What is u(c)?
8
Let g(a) = -a**2 - 4*a + 1. Let y(b) = b**2. Let r(n) = -g(n) - 2*y(n). Calculate r(3).
2
Suppose -3*x - 16 = -6*j + 7*j, -2*j = 3*x + 17. Let b(o) = -2*o**2 - 12*o. What is b(x)?
10
Let v(o) be the third derivative of 0*o - 2*o**2 + 1/120*o**6 + 0 - 1/12*o**5 + 1/6*o**4 - 1/6*o**3. Let g = -63 + 67. Calculate v(g).
-1
Let f(x) = -2*x**2 - 7*x - 5. Let w be (-396)/45 + 8 - (-16)/(-5). Determine f(w).
-9
Let a = 1 + 2. Let u(z) = -9*z + 7. Let v(b) = 3*b - 2. Let r(y) = a*u(y) + 8*v(y). Give r(4).
-7
Let o(w) = 4*w - 3. Let g be (-1)/(-9)*-3*0. Give o(g).
-3
Let d(b) = 3 + 4*b + 2 + 9*b + 15*b - 27*b. What is d(-7)?
-2
Let n be 2/5 + (8 - 88/(-55)). Let q(t) = t - 9. What is q(n)?
1
Let h(d) = -2*d - 7. Let r be ((-2)/(-8)*0)/(-2). Suppose -t + r*t - 3*g = 5, -5*g + 15 = -3*t. Let w = t - 1. What is h(w)?
5
Let u(i) = i**3 - 6*i**2 + 3*i + 3. Let b be 20/11 + (-8)/(-44). Suppose -2 + 4 = t. Let m be b - ((t - 2) + -3). What is u(m)?
-7
Let b(h) = 7*h**2 + 11*h + 1. Let c(o) = -o**2 + o. Let q(y) = -b(y) + 3*c(y). Let f be q(-1). Let d(x) be the first derivative of x**2 + 3*x - 1. What is d(f)?
-3
Let x(m) = -m - 7. Let o(a) = -3*a + 4. Let b be o(2). Let y(r) = -11*r + 2. Let g be y(b). Let q = 17 - g. Give x(q).
0
Let x(u) = 4*u**2 - u - 1. Let i(y) = -y**3 + 9*y**2 + 6*y - 1. Let p(z) = z**3 - 9*z**2 - 7*z + 1. Let o(v) = 7*i(v) + 6*p(v). Let g be o(9). Give x(g).
4
Let l(u) = 2*u - u + u + 2. Determine l(-5).
-8
Let d(k) = -2*k - 1. Let i(z) = -29*z + 402. Let o be i(14). What is d(o)?
7
Let u(t) be the second derivative of t**3/6 - 2*t**2 - 12*t. Calculate u(-9).
-13
Let x(d) = d**3 + 11*d**2 - 2*d - 12. Suppose 0 = -3*m + 4*s - 45, 5*m + 43 = 31*s - 35*s. What is x(m)?
10
Let d be 0*(15/6 - 2) - 3. Let x(a) = -a**3 - 3*a**2 + a + 3. Calculate x(d).
0
Let a(d) = d**2 - 6*d + 6. Let t be a(6). Let l be 48/20 + 6/(-15). Let m(i) = 0*i**3 - 5*i**2 + 4 + l*i + i**3 - 8*i - i. Give m(t).
-2
Let h = 153 + -150. Let o(g) be the first derivative of 4/3*g**h - 6 + 0*g**2 - g - 1/4*g**4. What is o(4)?
-1
Let u(a) = a**3 + 3*a**2 - 6*a - 1. Suppose 0 = 4*y - 65 - 27. Suppose 3 = -4*g + y. Suppose -g*s - 8 = -3*s. Give u(s).
7
Let q(b) = -4*b**3 - b + 2*b**3 + 1 - b. Let n = 636 + -635. What is q(n)?
-3
Let x(u) = -2*u + 40. Let v(s) = -4*s + 97. Let z(r) = 4*v(r) - 9*x(r). Give z(-15).
-2
Let q(v) = -578*v + 303*v + 1 + 298*v. Determine q(2).
47
Let i(p) = -20 + 11 - p - 2. Let k(j) = -j**3 - j**2 + 10*j + 7. Let v be k(-3). Determine i(v).
-6
Let x(a) = 2*a**2 + 50*a - 1. Suppose -266 = 18*y + 184. Give x(y).
-1
Let